{"id":7,"date":"2015-05-02T14:21:35","date_gmt":"2015-05-02T12:21:35","guid":{"rendered":"http:\/\/www2.schreinereigraf.ch\/test\/?page_id=7"},"modified":"2015-12-05T15:52:12","modified_gmt":"2015-12-05T14:52:12","slug":"firma","status":"publish","type":"page","link":"https:\/\/www.schreinereigraf.ch\/?page_id=7","title":{"rendered":"Firma"},"content":{"rendered":"<p>Die Schreinerei Graf Innenausbau AG wird seit 2008 durch die beiden Inhaber Markus Dubach und Rolf Graf gef\u00fchrt. Beide Inhaber haben Ihre Lehre in der Schreinerei Graf absolviert und anschliessend in anderen Betrieben Erfahrung gesammelt. Rolf Graf absolvierte erfolgreich die Weiterbildung zum Technischen Kaufmann, Markus Dubach die Weiterbildung zum Eidg. dipl. Schreinermeister HF. Die Schreinerei Graf besteht seit \u00fcber 60 Jahren am aktuellen Standort.<\/p>\n<p>Die Schreinerei Graf ist ein innovatives Unternehmen, das Ihre Anliegen ernst nimmt und auf Ihre W\u00fcnsche eingeht. Das junge Team ist voll motiviert und freut sich, anspruchsvolle Arbeiten auszuf\u00fchren. Die Firma besch\u00e4ftigt zur Zeit\u00a08 Personen davon sind\u00a0zwei in der Ausbildung zum Schreiner EFZ.<\/p>\n<p><a href=\"http:\/\/www.schreinereigraf.ch\/wp-content\/uploads\/2015\/12\/Team-20151112-63.jpg\"><img loading=\"lazy\" decoding=\"async\" class=\" size-large wp-image-651 aligncenter\" src=\"http:\/\/www.schreinereigraf.ch\/wp-content\/uploads\/2015\/12\/Team-20151112-63-1024x683.jpg\" alt=\"Team 2015\" width=\"830\" height=\"554\" srcset=\"https:\/\/www.schreinereigraf.ch\/wp-content\/uploads\/2015\/12\/Team-20151112-63-1024x683.jpg 1024w, https:\/\/www.schreinereigraf.ch\/wp-content\/uploads\/2015\/12\/Team-20151112-63-275x183.jpg 275w, https:\/\/www.schreinereigraf.ch\/wp-content\/uploads\/2015\/12\/Team-20151112-63-225x150.jpg 225w, https:\/\/www.schreinereigraf.ch\/wp-content\/uploads\/2015\/12\/Team-20151112-63-150x100.jpg 150w\" sizes=\"auto, (max-width: 830px) 100vw, 830px\" \/><\/a><\/p>\n","protected":false},"excerpt":{"rendered":"<p>Die Schreinerei Graf Innenausbau AG wird seit 2008 durch die beiden Inhaber Markus Dubach und Rolf Graf gef\u00fchrt. Beide Inhaber haben Ihre Lehre in der Schreinerei Graf absolviert und anschliessend in anderen Betrieben Erfahrung gesammelt. Rolf Graf absolvierte erfolgreich die Weiterbildung zum Technischen Kaufmann, Markus Dubach die Weiterbildung zum Eidg.\u2026<\/p>\n<p class=\"continue-reading-button\"> <a class=\"continue-reading-link\" href=\"https:\/\/www.schreinereigraf.ch\/?page_id=7\">weiterlesen<i class=\"crycon-right-dir\"><\/i><\/a><\/p>\n","protected":false},"author":5,"featured_media":0,"parent":0,"menu_order":0,"comment_status":"closed","ping_status":"closed","template":"","meta":{"footnotes":""},"class_list":["post-7","page","type-page","status-publish","hentry"],"_links":{"self":[{"href":"https:\/\/www.schreinereigraf.ch\/index.php?rest_route=\/wp\/v2\/pages\/7","targetHints":{"allow":["GET"]}}],"collection":[{"href":"https:\/\/www.schreinereigraf.ch\/index.php?rest_route=\/wp\/v2\/pages"}],"about":[{"href":"https:\/\/www.schreinereigraf.ch\/index.php?rest_route=\/wp\/v2\/types\/page"}],"author":[{"embeddable":true,"href":"https:\/\/www.schreinereigraf.ch\/index.php?rest_route=\/wp\/v2\/users\/5"}],"replies":[{"embeddable":true,"href":"https:\/\/www.schreinereigraf.ch\/index.php?rest_route=%2Fwp%2Fv2%2Fcomments&post=7"}],"version-history":[{"count":5,"href":"https:\/\/www.schreinereigraf.ch\/index.php?rest_route=\/wp\/v2\/pages\/7\/revisions"}],"predecessor-version":[{"id":656,"href":"https:\/\/www.schreinereigraf.ch\/index.php?rest_route=\/wp\/v2\/pages\/7\/revisions\/656"}],"wp:attachment":[{"href":"https:\/\/www.schreinereigraf.ch\/index.php?rest_route=%2Fwp%2Fv2%2Fmedia&parent=7"}],"curies":[{"name":"wp","href":"https:\/\/api.w.org\/{rel}","templated":true}]}}